the greatest common divisor of 11 and l.
11
Suppose -20 = -2*w - 2*i, i + 8 + 30 = 3*w. Calculate the highest common divisor of w and 16.
4
Suppose 10*l - 891 - 509 = 0. What is the highest common divisor of l and 20?
20
Suppose -n + 5*n + 24 = 0. Let a be (-3)/n*2 + 69. Let i(s) = 3*s**2 + 21*s + 44. Let u be i(-5). Calculate the highest common factor of u and a.
14
Suppose 43*z = 36*z + 574. What is the highest common divisor of z and 41?
41
Suppose -3*i = 3*v - 2*i - 14, -2*i = v - 8. Suppose -48 = -b + v*b. Let l = 37 + b. Calculate the greatest common factor of l and 3.
3
Suppose 3*h = -4*r + 3*r - 31, 2*h + 39 = 3*r. Suppose 2*t + 80 = t. Let s be ((-3)/(-2))/(h/t). Calculate the greatest common factor of s and 110.
10
Suppose -4*r = 4*g - 12, -g = -3*r - 6*g + 17. Let z(o) = -18*o + 5. Let m be z(r). What is the greatest common factor of m and 161?
23
Suppose -13*w = -14*w + 540. Suppose 0 = 3*f + 9*f - w. Calculate the greatest common divisor of f and 10.
5
Let c(g) = 9*g - 4. Let l be c(4). Let k be 2/(-10) - l/(-10). Suppose -4*v - 5*h = -96 - 49, -4*v - k*h = -135. What is the greatest common factor of v and 75?
15
Suppose 201 = -a + 6*a + 3*d, -119 = -3*a - d. Suppose -p = -8 + 4. Suppose 0 = p*m - 2*m - 52. What is the greatest common divisor of a and m?
13
Suppose 4*c = 210 - 30. Calculate the greatest common factor of c and 27.
9
Suppose -5*m + 1838 = 318. Calculate the greatest common divisor of m and 32.
16
Suppose 18 = -1206*b + 1212*b. Calculate the greatest common factor of 10 and b.
1
Let n = -1120 + 1668. Suppose -2*g = -5*j + n, 6*g + 1 = 7*g. Calculate the highest common divisor of 22 and j.
22
Suppose 516*v - 518*v + 12 = 0. Suppose 0 = 4*s + 3*n - 4, -2*n + 7 = -2*s + 23. What is the greatest common factor of s and v?
2
Suppose g + 3*g - 20 = 0. Let r(d) = -4 + d**3 - 12*d - 3*d**2 + 4*d - d**2. Let l be r(6). Calculate the greatest common divisor of l and g.
5
Let c(w) = w**3 - 26*w**2 - 55*w + 28. Suppose 0 = -2*t + 4*r + 56, -18 = -t + 4*r + 10. Let d be c(t). Calculate the greatest common factor of 42 and d.
14
Let d = 4 - -8. Let y be -1*8/d*-6. Calculate the highest common divisor of y and 32.
4
Suppose -31 = -10*v + 29. Suppose -d + 2*r + 18 = 0, -d = -v*d + r + 99. What is the greatest common divisor of 4 and d?
4
Suppose 86 - 6 = 2*l. Suppose 9*b = 14 + 31. What is the greatest common divisor of l and b?
5
Let q be (-6 - 6128/(-52)) + 8/52. What is the greatest common factor of 14 and q?
14
Let p = 173 + -38. What is the greatest common divisor of 81 and p?
27
Suppose -4*w = -4*d - 3*w + 56, 3*w = -3*d + 42. Let c be 474/d - 5/(-35). What is the greatest common factor of 306 and c?
34
Suppose 0 = -3*o + 2*j + 63, -5*o + 4*j + 119 = 12. What is the highest common factor of 3097 and o?
19
Suppose 42*y = 28*y + 1750. Calculate the greatest common divisor of 2 and y.
1
Let f = -10 + 9. Let h be 2 + 48 + (-4)/f. Calculate the highest common divisor of 594 and h.
54
Let t(o) = -o**3 - 17*o**2 - 4. Let j be t(-17). Let f be -4 - (-14 - (0 + j)). Calculate the highest common factor of f and 2.
2
Let z(s) = 2*s**2 - 11*s + 58. Let d be z(9). What is the highest common divisor of 22 and d?
11
Suppose -f = -6*f - 4*s + 23, -3*f + 7 = -s. Suppose -14 = v - 2*v + 5*a, -3*v + 2*a = -68. Calculate the greatest common factor of v and f.
3
Let r(f) = -4*f + 7 + 5*f + 4 + f. Let d be r(-6). Let m be (3 + -5)/(d/20). What is the greatest common divisor of 10 and m?
10
Let i = 1310 - 1290. What is the highest common factor of 2120 and i?
20
Let v be (-20)/(-2) - (-4)/4. Let s be v/3 + 4/(-6). Suppose -4*n - 8 + 44 = 0. What is the greatest common factor of n and s?
3
Let x be (-32)/(-144) - (-4)/(-18). Suppose -v + 3*v = 44. Suppose x = -f + v. What is the greatest common divisor of 2 and f?
2
Let v be 190/(-4)*(-8)/10. Suppose 3*s + p = 2*p + 14, 5*s - 18 = -p. Let m be 1170/12 - 10/s. Calculate the greatest common factor of v and m.
19
Let s(k) = 2*k**2 + 6*k + 1. Let f be s(-4). Let w be -1 + (1 + -1 + -3 - 2). Let j be (w/3 - -1) + 19. Calculate the greatest common divisor of j and f.
9
Let n(g) be the third derivative of -17*g**4/4 - g**3 + 5*g**2. Let v be n(-2). What is the greatest common divisor of v and 22?
22
Suppose 3*x = 2*x + 6. Let d be x/3 - (31 - -1). Let i = d - -46. Calculate the highest common divisor of 112 and i.
16
Let i = 596 + -226. Calculate the greatest common divisor of i and 20.
10
Let a(v) be the first derivative of -2*v**3/3 - 18*v**2 + 22*v + 33. Let n be a(-18). What is the greatest common factor of 154 and n?
22
Suppose -x = -3*p + 17, 0 = 2*p - 7*x + 3*x - 28. Suppose -p*l + 12 = -20. What is the greatest common divisor of l and 40?
8
Suppose 0 = 9*i - 7*i - 48. Suppose -i*u = -21*u - 57. What is the greatest common divisor of u and 95?
19
Let k(j) = -j**3 + 6*j**2 + 17*j - 45. Let t be k(7). What is the greatest common divisor of 15 and t?
5
Let m be 762/5 + 2/(-5). Calculate the highest common divisor of m and 190.
38
Let c(l) = -19*l**2 - 1198*l - 56. Let o be c(-63). Suppose 2*v = -0*v + 112. Calculate the highest common factor of o and v.
7
Suppose -5*c - r = -71, 5*r + 35 = 4*c - 3*c. Suppose 1 - 61 = -10*z. Let v be z/3 - (-1)/((-3)/(-309)). Calculate the greatest common factor of v and c.
15
Let n be (-86)/7*(-28 + 14) - -4. Calculate the greatest common factor of n and 112.
16
Let h be 12/138 + 4785/253. Calculate the greatest common divisor of h and 19.
19
Let h = -4 - 8. Let v = h + 17. Let y(o) = 4*o**2 - 3*o + 3. Let t be y(v). Calculate the highest common divisor of t and 8.
8
Let i be -1 - -2 - (0 - (42 - 5)). What is the highest common divisor of 19 and i?
19
Let t be ((-1)/((-4)/(-34)) - 0)*-2. Calculate the greatest common divisor of 1003 and t.
17
Let o(p) = -p + 17. Let q be o(13). Suppose -80 = -5*g + q*g. Calculate the greatest common divisor of 8 and g.
8
Let d = 487 - 460. Calculate the greatest common divisor of d and 315.
9
Suppose 4*l = 20, -8*t = -5*t - 5*l - 1973. Calculate the greatest common factor of 18 and t.
18
Suppose 8*h - 5*u = 7*h + 15, -2*h - 4*u = -2. Suppose 6*w - 3*t = w + 289, 0 = h*w - t - 283. Let g = 23 - 15. What is the greatest common factor of g and w?
8
Suppose 77*h - 1436 - 258 = 0. What is the highest common divisor of h and 1606?
22
Let h(v) = -3*v**2 + 43*v + 18. Let j be h(14). Calculate the greatest common factor of 256 and j.
32
Let t = -363 - -413. What is the greatest common divisor of 275 and t?
25
Suppose d - 26 = -5*m, -1 = -5*d + 5*m + 9. Let t = d - -21. What is the greatest common divisor of t and 18?
9
Let v = -354 - -545. Let c be 1/6 + v/6. What is the highest common factor of 288 and c?
32
Let h(b) = -b**3 + 10*b**2 + 6*b - 15. Let z be h(9). Let l = 34 + -19. What is the highest common factor of z and l?
15
Let c(v) = -v**2 + 12*v - 26. Let l be c(4). Calculate the greatest common divisor of 138 and l.
6
Suppose -o = 4*l - 140, 0 = -0*o + 2*o + 3*l - 300. Calculate the greatest common factor of 26 and o.
26
Let t = 1955 + -1851. Calculate the greatest common divisor of t and 1352.
104
Let a(t) = t**3 - 3*t**2 - 7*t + 5. Let o be a(5). What is the highest common divisor of o and 50?
10
Suppose 75 = 3*h - 63. Let g = -81 - -163. Let j = g + -59. What is the greatest common factor of j and h?
23
Let w = 0 - -6. Let f be 0/(-4 + w/3). Suppose 0 = -5*c - f*c + 70. What is the greatest common factor of c and 154?
14
Suppose -3*k - 10 = 5*l, -5*k + 5*l + 8 = l. Suppose 191 - 9 = 2*b + 2*d, k = 3*b - d - 281. Calculate the greatest common factor of b and 62.
31
Let d = 515 - 141. Suppose -3*h + 5*h = d. Let f(n) = 2*n**2 - 4*n + 1. Let a be f(-2). What is the greatest common divisor of a and h?
17
Let j = -188 - -1436. Calculate the greatest common divisor of j and 78.
78
Let p = -6 - -9. Suppose 0*k = p*k - 36. Calculate the greatest common factor of 6 and k.
6
Let h(z) = z**2 + 9*z + 17. Let n be h(-7). Suppose -2 - 4 = -n*i. Let y(j) = j + 14. Let o be y(0). What is the highest common factor of i and o?
2
Let g be 2*(-11 - -6)*(4 - 8). Calculate the highest common divisor of 150 and g.
10
Suppose 3*c + 38 = -w, 5*w - 2*c = 2*c - 171. Let d be (-56 + (-2 - -4))*(-3 - -2). Let z = w + d. Calculate the highest common divisor of 